 + 1223. Is l a composite number?
False
Let r(w) = 5*w**2 - w. Let t be r(1). Suppose 2913 - 741 = t*f. Suppose 3*d = -9 + f. Is d a prime number?
False
Let y(n) = n**3 - 9*n**2 - 10*n. Let h be y(10). Suppose -j + 0*w = -5*w + 13, 2*j - 3*w + 19 = h. Is 1619 + -5*j/20 a composite number?
False
Suppose -4*n + 2005630 = 2*d, d + 39*n - 44*n = 1002752. Is d prime?
True
Let w(r) = -270*r - 57. Let m be w(-4). Suppose 2*u + m = 4825. Is u composite?
False
Suppose 2*q + 3*s - 39984 = 5*s, 0 = 3*q + 3*s - 59982. Suppose -2*y - o - 2634 - q = 0, 0 = 4*y + 3*o + 45255. Is y/(-36) - (-2)/(-8) composite?
True
Let g = 19921 + -6937. Suppose 13*o = 25*o - g. Is o a prime number?
False
Let t(c) be the first derivative of -10913*c**2 - 39*c + 322. Is t(-1) a prime number?
True
Suppose 13 - 1 = 3*f. Let u(h) = 121*h**3 - h**2 - 2*h - 7. Let o be u(3). Suppose o = 7*k + f*k. Is k composite?
True
Suppose -2*o - 94071 = -3*g, -o + 6*o - 31391 = -g. Is g a composite number?
True
Is 1/(((-1)/(-437693))/(40/(-8) + 6)) prime?
True
Let y(v) = 1793*v + 26. Let w be y(8). Suppose -3*o = -10581 - w. Is o a prime number?
True
Let o(l) = 185*l**2 + 4*l - 59. Let i be o(10). Suppose i + 11472 = 11*r. Is r a composite number?
True
Let f = 1616 - 1044. Suppose -577*g + f*g + 93085 = 0. Is g a prime number?
True
Let w = -35 - -37. Suppose 0 = w*x - 15 + 51. Is 122281/153 + ((-32)/x - 2) a prime number?
False
Suppose -5*y - 3*r + 1991428 + 1435180 = 0, -y - 5*r + 685282 = 0. Is y composite?
True
Let b = 593325 + -339172. Is b prime?
False
Is (-4652184)/16*(3 + -6 - 7/(-3)) a prime number?
True
Let s(o) = 38*o**2 - 12*o - 2. Let w = 148 + -142. Is s(w) a prime number?
False
Let v(c) = 2*c**2 + 162*c + 698. Is v(-104) prime?
False
Suppose 0 = -4*a - 4*x + 28, -x + 6 = -4*x. Suppose 3*h - a = 0, 2*m + 2*h = 6*m - 8206. Is m a prime number?
True
Is (6 - 136/24)*236073/(0 + 1) prime?
True
Suppose 8 = -3*d - 7. Let o be d + 1 + 0 + -318. Let a = -123 - o. Is a a composite number?
False
Suppose 4*d - 211 = -3*v, 3*v + 102 = 2*d + v. Let l = 160 + -106. Let x = l + d. Is x a prime number?
False
Let j be -3*(1 - 15/9). Suppose j*a = -3 + 7. Suppose a*c + 1432 = 10*c. Is c a composite number?
False
Let v(h) = -5*h**3 + 3*h**2 + 5*h - 9. Let g be v(4). Let z = -799 + g. Is (-1 + 0)/(1 - z/(-1055)) a composite number?
False
Let r = 7339 + -2896. Is r prime?
False
Let f = 484 - 511. Is 181/3*(7 - f - 1) prime?
False
Let w = -6 + 29. Suppose -20 = -g - w. Is ((-1)/(-1))/(g/(-1887)) a composite number?
True
Let r(i) = i**3 - 16*i**2 - 19*i - 31. Let g be r(12). Let c(y) = -264*y + 2. Let j be c(-5). Let q = g + j. Is q a prime number?
True
Suppose 12 = -22*h + 26*h. Suppose -1299 = -h*w + 594. Is w a composite number?
False
Suppose -73*x + 70*x = -284631. Suppose -x = -3*b - 14*b. Is b composite?
False
Let i = -80399 + 137428. Is i a composite number?
True
Let l be 5/(-4) + (-11)/4 + 7. Suppose 2488 = 4*g + 4*q - 2132, 5*q = -l*g + 3473. Is g composite?
False
Suppose -95956 - 467847 - 553344 = -31*u. Is u a prime number?
True
Suppose -4*q - 2*y + 21722 = -26150, -5*q + 3*y = -59829. Is q composite?
True
Let j(n) = 24*n**2 + 27*n - 58. Is j(31) a composite number?
True
Suppose -11*q + 78*q - 8564062 = 41*q. Is q a composite number?
False
Let y(r) = r**3 - 13*r**2 + 11*r + 8. Let z be y(12). Let n(q) = -q**3 - 4*q**2 + 3*q. Let x be n(z). Is x/(-30) + (-18092)/(-20) composite?
True
Suppose -2*q + 2*d - 52 = 0, -5*q - 122 = -6*d + 3*d. Let i = q - -50. Suppose -3*p + 5 + i = 0. Is p a prime number?
True
Let t be 4/(-10) + 95414/110. Let u = 3 + -1. Is ((-2)/u - -2) + t + 9 prime?
True
Let c = 96 - 76. Suppose -5*l + c = -3*l. Let b(n) = 11*n - 21. Is b(l) a composite number?
False
Suppose -2*w + f - 8 = 5*f, 3*w + 22 = 4*f. Is (-222053)/(-76) - w/(-8) composite?
True
Let m be 292/28*(7 - 0). Suppose m*v = 62*v + 2101. Is v composite?
False
Let g(d) be the second derivative of -249*d**3/2 - 2*d**2 + d. Suppose -7*u - 367 = -346. Is g(u) composite?
False
Let g(u) = -11259*u + 253. Is g(-36) a prime number?
True
Let i be 2*66/(-9)*12/(-8). Suppose 18 + i = 5*p. Suppose -117 + 2461 = p*f. Is f a prime number?
True
Suppose -7039 = -q - 4*b, -14*q + 13*q + 5*b = -7084. Suppose -q - 12762 = -3*f. Is f a composite number?
False
Let c(r) = r + 11. Let x be c(-8). Let t be 1/x*(12 + 3). Suppose m + 2164 = t*m. Is m a composite number?
False
Let t = -9903 - -17333. Is 10/(50/15) + t composite?
False
Suppose 8*r + 65 - 97 = 0. Suppose r*x + p = 388, 0 = -p - 2*p. Is x a composite number?
False
Suppose 0 = 3*v - 208*z + 203*z - 74911, 99874 = 4*v - 3*z. Is v a prime number?
True
Let u(c) = -c**2 + 30*c - 132. Let z be u(6). Let l(g) = 154*g - 91. Is l(z) a prime number?
False
Let f(h) = 1470*h**2 + 129*h - 2 - 1 - 131*h. Is f(2) composite?
True
Let t(c) = 9*c**2 - 6*c + 29. Let o(u) = 2*u**3 + 10*u**2 + 9*u + 5. Let j be o(-4). Let m be 2*j - (5 - 7 - 6). Is t(m) prime?
False
Let d(n) = n**2 - 252*n + 321. Is d(-76) prime?
False
Suppose -1 = -4*j + 11, -u = 5*j - 11. Is u - (-3544)/4 - 3 a prime number?
False
Let s(n) = -36*n**3 - 3*n**2 - 33. Let q be s(-6). Suppose -5*o - a = -q, 0 = o + 5*a - 72 - 1455. Is o a prime number?
False
Let v(f) = -21762*f**3 + 2*f**2 - 8*f + 3. Let q(d) = 7254*d**3 - d**2 + 3*d - 1. Let o(n) = -8*q(n) - 3*v(n). Is o(1) a composite number?
True
Suppose 0 = 5*g - p - 703 + 6276, 4*p = -5*g - 5583. Let w = 3448 + g. Is w composite?
False
Let l be (-16)/((-64)/8) + -5. Is (121/33 + l)/(2/5601) prime?
True
Suppose 4*b + 85 = -3*d + 14, -15 = d - 3*b. Let l(u) = 2*u**2 + 24*u + 12. Let t be l(d). Let g = 1745 - t. Is g a composite number?
True
Suppose -39 = -8*l + 1. Suppose -l*u = -4*z + 20, 3*z + 11 = -2*u + 49. Suppose -7906 + 3116 = -z*w. Is w prime?
True
Let s be 2/6 + (-50)/6. Let f(p) = 367 - 55*p - 55*p - 358. Is f(s) prime?
False
Suppose 4*a - 3*l = -8*l + 284748, -l = 3*a - 213550. Is a prime?
False
Is ((-38974)/4 + -7)*1*-1*26 composite?
True
Let r = 84 - 83. Let u = 0 - -1. Is -1 - u - r*-460 prime?
False
Is (0 - (-8)/(-20))*471920/(-32) a prime number?
False
Let d = -15 + 32. Suppose -d = -6*j + 19. Suppose 0 = j*s - 500 - 154. Is s a composite number?
False
Is ((-48)/(-6) - 3) + 92503 + 0 + 1 composite?
True
Let w(a) = -38*a**2 - 26*a + 125. Let d(i) = -40*i**2 - 27*i + 125. Let f(l) = 2*d(l) - 3*w(l). Is f(13) prime?
False
Let r(t) = 11*t**3 - 20*t**2 + 16*t + 38. Is r(15) a composite number?
True
Suppose 0 = k + 8*k - 45. Is k - 4246/(-1*(-1)/(-2)) composite?
True
Suppose -4647 - 18467 = -7*o. Suppose -7*p = 5*m - 6*p - 8281, -3*p = 2*m - o. Is m a composite number?
False
Let g(x) = x**3 + x**2 + 133. Let h be g(0). Suppose 2*a + a - h = -2*d, -349 = -5*d - 2*a. Is d composite?
False
Let y(h) = 26*h + 23. Let g(j) = 1. Suppose 58 - 38 = -5*a. Let q(o) = a*g(o) + y(o). Is q(7) composite?
True
Let x(m) = -2*m - 35. Let o be 134/(-8) + 2 + (-18)/8. Let b be x(o). Is (-1 + 3 + b)/((-3)/(-4083)) composite?
False
Let v be 0 + (-4 - -6) - (4 - 53683). Suppose -12*z - 11789 + v = 0. Is z prime?
True
Let l(a) = -16*a**2 - 6*a + 23. Let u be l(-34). Let m = u - -43962. Is m prime?
True
Suppose -3*f = 5*f - 112. Suppose -f*n + 19*n = 55. Suppose n*m - 4*m = 1771. Is m a prime number?
False
Suppose 0 = -5*j + 3*b - 8 + 24, -12 = -5*j + b. Let k(o) = 25*o**2 + 3 - 8*o + 1 + 32*o**j + 0*o. Is k(3) a prime number?
False
Let l be 2 - (-2 - -8) - 335189/17. Let d = l - -28362. Is d a prime number?
True
Let x(r) = 691*r**2 + 19*r - 69. Is x(9) a composite number?
True
Suppose 2*d - 4*d - 3*a + 193235 = 0, -d + 96614 = 5*a. Is d prime?
False
Suppose -3*d + 4*t + 2939 = -2610, -3*d + t + 5543 = 0. Is d a composite number?
False
Let v be -5*((-70)/25)/(-7). Is (-2*(-1)/6)/(v/(-18342)) a prime number?
False
Suppose 5*d = 2*f - 224082, 5*f - 8*d - 560151 = -9*d. Is f a prime number?
True
Let n(c) = -7*c - 31. Let h(r) = -35*r - 156. Let m(a) = -2*h(a) + 11*n(a). Let q be m(-6). Suppose -q*x - 254 = -14*x. Is x composite?
True
Let l = -752 + 1479. Let b = l - 618. Is b a composite number?
False
Let j be 256/(-18) - 18/(-81). Let v = j - -14. Suppose v = -5*z - 2*a + 4309, -5*z + 5*a - 2*a + 4324 = 0. Is z a prime number?
True
Let g = 30026 - -4125. Let o = -22374 + g. Is o a composite